0 - (4 - 0)?
-6
12 - (12 + (-3 - 3))
6
-6 - -6 - (0 - 4)
4
What is the value of 0 + (2 + -3 - (3 - 1))?
-3
What is the value of 3 + 8 + -1 + -4 + -2?
4
Evaluate 3 - (-8 + 6 - 0).
5
Evaluate 1 + -1 - (2 + -4 + -1).
3
What is the value of 12 - 9 - (0 - 2)?
5
What is 2 - -3 - (0 - (-4 + 4))?
5
What is -7 + 15 + -8 - (0 - -2)?
-2
What is 0 + 3 + (0 - -2)?
5
What is -3 - (-3 + 3 - (0 - 5))?
-8
Evaluate (-75 - -68) + 1 + 6.
0
Calculate -6 + -3 + 2 + 5.
-2
Calculate -9 + 4 - (-10 - -1).
4
What is the value of (1 + 0 - (5 - 6)) + -2?
0
8 + -4 - (0 + 10 + -2)
-4
What is the value of (-3 - (2 - 1)) + 1 + -2?
-5
What is (7 - 5 - 5) + 8?
5
1 - (-1 - 1) - 3
0
Calculate 63 + -56 + (1 - 5).
3
What is the value of -2 - (1 - 4 - 1)?
2
3 + -1 + 2 - 2 - 5
-3
Calculate 4 + (-4 - -6) + 1 + -1.
6
1 + (-4 - -2) - (-23 - -26)
-4
Calculate 2 - -11 - (0 + 10).
3
7 - ((3 - -1) + 7 + -7)
3
Calculate (-1 - -8) + -6 + (5 - 11).
-5
Calculate -2 + 3 + 2 - (-1 - -1).
3
4 - (7 + (4 - 2))
-5
What is the value of (-1 + 1 - -2) + -5?
-3
Calculate 1 + -1 + 4 + (-4 - -2).
2
Calculate 4 + 2 - (8 - 4 - 1).
3
What is the value of 7 + -5 + 0 + 1?
3
What is the value of -18 + 15 - (-2 - 1)?
0
What is 3 + (-4 - (4 - 2)) - 0?
-3
Calculate -3 + ((-3 - 1) + 2 - -4).
-1
What is the value of 28 + -35 - (3 - (4 - -1))?
-5
Calculate 7 - (8 + (-6 - 4)).
9
What is -1 + 12 + -6 - 5 - 9?
-9
What is (0 - 4) + (2 + -12 - -13)?
-1
What is the value of 4 + (-4 - -5) + -4 - -3?
4
Evaluate (-8 - -2 - -3 - -5) + 6.
8
Evaluate 1 + -4 - (1 + 1).
-5
Calculate 8 + (-16 - -19) - (5 - 0).
6
Evaluate 10 - (-4 + 13 - (9 - 2)).
8
Calculate -8 + 6 + -4 + 2.
-4
11 + (-17 - -9) + 1
4
Evaluate (0 - -2) + (20 - 20).
2
What is the value of (3 - -11) + -16 + 1?
-1
Evaluate 2 + -1 + 2 + -2 + -6.
-5
Calculate 3 + (5 - 6) + 3.
5
What is 3 + -8 + (1 - -1)?
-3
Calculate 2 + 4 + (-3 - -1).
4
Evaluate (-14 - -14) + 0 + -1.
-1
(9 - 11) + 1 + 2
1
6 + (-3 - (-3 - -4))
2
What is (2 - (1 + 4)) + (-7 - -6)?
-4
Calculate 22 + -22 + (0 - 1).
-1
What is the value of 1 + -11 - (-57 + 55)?
-8
What is 0 - (-2 + -2 + 9)?
-5
Evaluate 5 - (1 + 1) - 6.
-3
Calculate -1 + 8 + -1 + -8 + 9.
7
Evaluate 19 - ((-10 - -4) + 18).
7
(7 - 13 - -6) + -6 + 9
3
What is the value of 0 + 2 - (5 - 0)?
-3
Calculate (7 - 3) + (-5 - (-2 + 5)).
-4
What is the value of (-23 - (-17 - -5)) + 20?
9
Evaluate 0 - (-1 - 0) - (-22 + 26).
-3
What is the value of (7 - 3) + 0 + -4?
0
What is the value of 2 + (4 + -1 - 3) + -3?
-1
-8 - (-4 - -1 - (6 - 5))
-4
(-2 - (0 - 10)) + 2 + -3
7
What is (-7 - -4 - -1) + 0?
-2
9 - (5 + -4) - -2
10
0 + 2 + (6 - (12 + -2))
-2
Evaluate 4 + (-1 + -4 - 4).
-5
Evaluate (-2 + (-4 - -8) - -6) + -6.
2
What is 2 - ((10 - 4) + -11)?
7
What is -6 - (7 + -17) - (1 - -5)?
-2
Evaluate -2 + 2 + -3 - (12 - 12).
-3
Evaluate 5 + (2 - -1) + -8.
0
Calculate 0 + -3 + (-3 - -2).
-4
1 + -1 + -4 - (28 + -37)
5
Evaluate 6 - (-2 + 1 + 2).
5
Evaluate 1 + 8 + -1 + -7.
1
Calculate 4 + -11 + 2 - (-4 - -6).
-7
Evaluate 10 - ((-14 - -10) + 5).
9
Calculate (-3 - (-8 - -1)) + -6.
-2
What is -9 - (5 + (5 - 14))?
-5
What is the value of 2 + (0 - (2 - 0)) + 2?
2
Calculate -1 + -1 + -1 + 2.
-1
Calculate -5 - ((1 - 0) + 1).
-7
What is the value of -8 + (4 - 9) + 5?
-8
Calculate 1 + -8 + (6 - 5) - -2.
-4
(7 - -2) + -5 - 7 - -9
6
10 + -8 - (0 + 2 + -4)
4
What is the value of 1 + 0 + -11 + 3 + -1?
-8
Calculate 3 + -7 + 15 + -4 + -4.
3
Calculate -9 - (-7 - (-1 + -2)).
-5
What is -5 + 1 + (5 - 3)?
-2
1 - 0 - (-2 + 5) - -6
4
What is the value of -3 + 1 + 1 + 7?
6
What is (-32 - -42) + -4 + 1?
7
-1 - (-5 + (0 + -3 - -8))
-1
Evaluate 6 + -17 - -9 - 3.
-5
What is the value of -5 + (7 - (-1 + 2))?
1
Evaluate 2 + -6 + -2 + (-96 - -98).
-4
Calculate 8 - (0 - -8 - 1).
1
-5 + (5 - (1 + 3))
-4
Evaluate 1 + 1 + (9 - 8).
3
What is -2 - 1 - -5 - 4?
-2
What is the value of 9 - (6 - (-3 + 2))?
2
What is -19 + 26 + (0 - 2)?
5
What is the value of (1 + -2 - 1) + 1 + 2?
1
What is -1 - (1 - -7) - (-13 - -9)?
-5
Calculate -5 - (7 - 0) - -6 - 1.
-7
Calculate -2 + -5 - (75 - 78).
-4
What is the value of -6 + 8 + 1 + 1?
4
5 - (-5 + 10) - 5
-5
What is (3 - -1) + 4 + -3?
5
Evaluate -2 + (1 - (8 + (-3 - 3))).
-3
What is -4 + 1 + -9 + 14 + -2?
0
Evaluate 0 + 6 + (-8 + 5 - 6).
-3
7 + (0 - 2) + -5
0
What is the value of 13 + -9 + 6 + -13 + 3?
0
1 - 7 - (5 + -5) - -10
4
Evaluate 14 - (-1 + 6 + 3).
6
What is 2 - 6 - (6 - 9)?
-1
Calculate -14 + (-11 + 29 - 6).
-2
-4 + (0 - (-1 + -1 + 3))
-5
Evaluate -5 - (-7 + 12) - -15.
5
What is the value of 9 + (3 - 2) + -4?
6
What is the value of (-5 - (-3 - (-7 - -8))) + 0?
-1
What is -3 - (-12 - (-7 - 1))?
1
What is the value of 2 + 12 - (13 + -8 + 2)?
7
Calculate -6 + 4 - (2 + (-12 - -3)).
5
What is the value of -8 + -4 + 8 - (32 - 31)?
-5
Evaluate 5 + -3 + (0 - -2 - 0).
4
2 + -2 + (10 - 8) - 4
-2
What is the value of 3 + -2 + -15 + 14?
0
What is the value of 25 - 29 - (-4 + 2 + 7)?
-9
(0 - 5) + (-7 - -8)
-4
What is -5 - (-10 + 3 + 0)?
2
-13 + (12 - (-6 + 14))
-9
What is the value of 2 + 0 + (4 + -2 - 2)?
2
Calculate -2 + 1 - (-1 - 1).
1
Evaluate 2 - (2 + 3 + 1).
-4
What is the value of -8 - (0 - 2) - (-6 + 5)?
-5
(-5 - -3 - -8) + -2
4
What is 10 + 1 - (-9 - -13)?
7
17 + (-3 - -6 - (-22 + 32))
10
-1 + (-3 - -4) + 0
0
What is -4 + (-2 - -10 - -6)?
10
Evaluate -7 + 5 + -3 + 1 + -1.
-5
What is 5 - (5 + -1 - 2 - 1)?
4
What is the value of 8 + -1 - (0 + 4)?
3
9 - (16 + -11) - 11
-7
What is the value of -12 - -3 - (-8 - 0)?
-1
Evaluate -1 - (2 - (-5 + (-3 - -6))).
-5
Calculate (31 - 38) + (2 - (1 - 1)).
-5
What is -8 - ((2 - 11) + 3)?
-2
What is (-11 - -16) + (-3 - (-2 - -3))?
1
Calculate 0 + (0 - -10) - 3.
7
Evaluate -7 - -10 - 5 - -4.
2
3 - (-1 + (2 - -2) + -4)
4
Evaluate -2 + 2 + 1 + -4.
-3
-1 - 3 - (8 - 13)
1
-1 + -3 + 2 + -4 + 3
-3
What is the value of 6 - (-1 - (-5 - -2))?
4
Calculate (9 - 6) + -1 + -1 + 2.
3
What is 14 - 16 - (0 - 0 - 3)?
1
Evaluate -3 - (-1 + 0 - 2).
0
What is the value of (-20 - -12 - -4) + 0 + 5?
1
9 - ((8 - -3) + -3)
1
What is (0 - -5 - -2) + (-3 - -1)?
5
What is the value of -24 + 22 + (1 - 1) + 4?
2
Evaluate 1 - (1 - 7) - 3 - 0.
4
Calculate -2 + -9 + 11 - (-1 + -4).
5
What is -3 + 3 + -1 + 0?
-1
Evaluate -5 - 2 - -6 - -4.
3
Calculate -1 + -3 + (-4 - (8 - 12)).
-4
What is 2 + (1 - 1) + (-52 - -49)?
-1
What is -5 + (10 - 2) + (-3 - 0)?
0
What is 3 - (-1 - (-2 - -4) - -5)?
1
What is the value of 5 + (7 - -1 - (21 + -1))?
-7
4 + -5 + -6 + (9 - -4)
6
Calculate 7 - 4 - 9 - -8.
2
What is the value of 10 - (11 + -5) - 4?
0
Calculate 3 - (3 + 5 + -1).
-4
Evaluate (-12 - (-13 - -3)) + 8 + -2.
4
Evaluate 2 + (4 - (3 - 1)) - 6.
-2
(2 - 5) + 6 + (2 - 6)
-1
What is (-5 - (5 - (-3 - -6))) + 9?
2
What is -6 - -11 - (-1 + (1 - -5))?
0
Evaluate -1 - 4 - (-14 + (-7 - -14)).
2
Evaluate (0 - 0) + 7 + (-14 - -8).
1
-1 - -7 - (-15 - -17)
4
Evaluate 3 + -5 - -2 - -1.
1
What is (17 - 20) + (-1 - -6) - 7?
-5
-4 + 1 - (2 + -7)
2
-8 + 7 + (-2 - (0 - 4))
1
What is -2 - (3 + 3 - 12)?
4
What is 16 - 15 - (0 - -2) - 1?
-2
Evaluate 1 + -7 - (-9 + 10 + -7).
0
Calculate -4 - ((-5 - -4) + -7).
4
Calculate (32 - 13 - 28) + -1 + 4.
-6
4 - 0 - (14 + 0 - 10)
0
What is 5 + -1 - (-51 + 48)?
7
Evaluate (2 - -2) + (-7 - -5).
2
Calculate 8 + -10 + 1 + -4 + 1.
-4
What is -2 + 2 - (15 - 18)?
3
What is the value of 4 - 3 - (-3 - -2)?
2
What is -14 - (-16 + (9 - (6 + -5)))?
-6
(3 - 9) + 5 + -1
-2
What is 4 + (-8 - -7) - -1?
4
Calculate 1 + (-6 - -5) + 1.
1
-10 - -16 - (5 - -3)
-2
Evaluate (12 - (32 + -12)) + -1.
-9
5 + -17 + 2 + 6
-4
Evaluate 16 + -23 + (-1 - -4).
-4
-1 - -3 - (-4 - -3 - 1)
4
-1 + -3 + 21 - 10
7
Evaluate (11 - 3) + -5 + -2.
1
(14 - 12) + (-3 - -2) + 0
1
What is 9 - (-3 - -1 - (-11 - -5))?
5
Calculate -3 + (-11 - -22) + -7.
1
What is 0 + (-6 - -1) + -9 + 12?
-2
What is -3 + 0 + (5 + -4 - -2)?
0
Calculate (-2 - -1 - (2 + -8)) + -1.
4
Evaluate -1 + 4 + -2 + (-6 - -3).
-2
Evaluate 4 + -7 + 7 + -8 + 1.
-3
9 + -1 + (0 - 5) - -4
7
(-1 - -3) + (-2 - -5)
5
11 + -14 + -8 + 0 + 5
-6
-2 - -5 - (1 + 0)
2
What is the value of -9 - (-1 - (-1 + 5))?
-4
8 - ((24 - 13) + 3)
-6
What is the value of 7 - -2 - 0 - (5 + -1)?
5
(4 - 1) + (1 - 2) + 3
5
-3 + -1 + (1 - (0 + -2))
-1
What is the value of -3 + (4 - 4) - -8?
5
-6 - (1 + 7 + -12)
-2
(-7 - -3) + 10 + -3
3
3 + (-9 - (0 - 8)) + 5
7
Evaluate 1 